+ (66 - 72 - -7)?
-3
What is the value of -10 - (8 + (-43 - -7) + 10)?
8
-8 + (18 - -18) + -17 + -46
-35
Calculate -2 - (-6 + 2) - (-2 + 3 - 4).
5
19 + -1 + (-5 - -6) + -2
17
Calculate 60 - (24 + 18 - 13).
31
What is (0 - (0 - 1)) + (-10 - (-11 - 1))?
3
136 - 140 - (7 + -5 - 14)
8
Calculate -1 + (10 - 13) - -17.
13
3 + -3 + (4 + -5 - -10) + -12
-3
What is 6 + -7 + -161 + 178?
16
What is the value of -49 - -23 - (1 + -4 + -2 + -1)?
-20
8 + (-33 + -1 - ((-10 - -23) + -17))
-22
18 - 5 - (18 - 12)
7
Evaluate -382 + 381 - (15 + 0 - (1 + 0)).
-15
What is the value of 4 + (-4 - 0) - (-33 + 26) - 13?
-6
What is 31 + -29 - (8 - (2 - 5 - 1))?
-10
What is the value of 10 + (-7 + -4 - -6)?
5
Evaluate (54 - 55) + (1 - -2 - 0) + 11.
13
What is the value of -1 + (5 - -3) + -21 + 53 + -19?
20
What is -16 + -1 + 21 + (1 - 16)?
-11
Calculate (4 - 0) + -5 - (-13 + 23).
-11
11 - 8 - (-13 + 1 + -1)
16
What is 3 + (-28 - -11) + 5 + 14?
5
What is the value of -1 - (10 + 4 + -15 + -4)?
4
Calculate -8 - -1 - -12 - (24 + -15).
-4
What is the value of (-23 - -13) + 4 + 15?
9
What is (14 - (-3 + 14)) + (-16 - 4) + 6?
-11
Evaluate 3 + (2 - -4) + (-11 - (-6 + 5)).
-1
What is the value of -13 - (-23 + (-5 - -2))?
13
Evaluate (13 - (-11 + 4 + 7 - -8)) + 14.
19
What is (-5 - (-4 - 12)) + (1 - -13)?
25
12 + -13 + -10 + 8
-3
Calculate 65 + -80 - (4 - 10).
-9
Evaluate -13 - (33 + (-28 - 12)).
-6
Evaluate -18 + (32 - 17) + (-3 - -1 - 4).
-9
What is (-1 - 3) + -6 - -13?
3
What is the value of 106 - 97 - ((5 - -2) + (2 - 3))?
3
Calculate -7 + 1 + (-7 - -8) + 1.
-4
What is 2 + 4 + (14 - -4) + -22?
2
What is 17 - (-6 - (-9 - -1))?
15
Calculate (19 + (-9 - -3) - 15) + 10.
8
Calculate 2 + (1 + 10 + 1 - (1105 - 1104)).
13
Evaluate -16 + (-21 + 7 - -28).
-2
What is the value of 10 - (11 - (-20 - -2))?
-19
Calculate -3 + -3 - (-14 - -4) - (-1 - -4).
1
What is -15 + (-15 - -6 - -10)?
-14
288 + -299 + (31 - (1 - -1 - 0))
18
Evaluate -16 - (17 - (11 - (19 + -15))).
-26
Calculate 12 + -3 - (20 - 0) - -4.
-7
What is the value of -48 + 49 + 2 + 6 - (4 - 10)?
15
Evaluate 1 + ((-1 - -9) + 5 + -5 - 16).
-7
Evaluate 5 + 0 + 5 + 2 + -6.
6
2 + (7 - 16 - (6 - 2 - 6))
-5
-16 + (-13 - (24 - 19)) + 18
-16
What is -27 - (4 - (21 - 6))?
-16
Evaluate (-4 - -12) + -5 + 0 - 15.
-12
What is the value of -8 - -40 - (-55 - -113)?
-26
Calculate -21 + 38 + -11 + 9.
15
Evaluate 1 + 0 + 1 + (-10 - -6) - 5.
-7
Evaluate -6 + -2 + (-12 - -18) + 35.
33
What is 0 - (29 - 35) - (-6 - -1 - 1)?
12
What is 2 + (-5 - (-3 + -8 - -5)) - -3?
6
9 + (19 - 17) + -10
1
Calculate (-1 - 11) + (-9 - (-23 - -8)) - -8.
2
Calculate (-1 + 2 - -5 - 14) + 7.
-1
What is -11 - (0 + (-46 - (10 + -22)))?
23
What is the value of (-7 + 12 + -7 - -5) + -4?
-1
What is 9 + -5 + -2 + 8?
10
-33 + 9 + 25 - (-4 - -1 - 1)
5
Evaluate 8 + -2 + 7 + -3 - 0.
10
-18 + 5 - (7 - ((7 - 5) + 2))
-16
What is the value of (-8 - (5 + -5)) + (1 + -4 - 1)?
-12
-51 + 25 + 30 - (3 + (1 - -5))
-5
9 + (-22 - -9) + (0 - -19)
15
Evaluate -11 + 6 + -4 - (-36 + 13).
14
What is (-5 + -2 - -8) + -3 + (1 - -3)?
2
Evaluate 3 - (25 - (2 + -10 + 5)).
-25
What is (-11 - -1) + (-106 + 39 - -63)?
-14
What is the value of 11 - 40 - (33 - 43)?
-19
Calculate (5 - -1) + -3 + 3 + 0 + 2.
8
What is (-2 + 3 - 9) + 152 + -145?
-1
(2 + (-23 - -16) - -8) + -15
-12
Calculate -3 + -4 + (18 - 1).
10
-20 - -14 - (-13 - (-7 + -1 + 2))
1
What is 9 - (-3 + -3 + 54 - (15 - 13))?
-37
What is the value of (28 + (-18 - -8) - 3) + (14 - 5)?
24
What is the value of -7 + 4 - 11 - -7?
-7
-11 - -6 - -13 - (1 - -10 - 3)
0
What is -1 - 2 - ((3 - -9) + 170 + -175)?
-10
Evaluate -2 + -13 + (-33 - -45).
-3
What is (4 - -5) + -17 - 6?
-14
-3 - (-44 - (6 + 0 + (-42 - -25)))
30
What is -1 + 5 + ((4 - 24) + 16 - 18)?
-18
What is -24 + 35 + -26 + -11?
-26
What is (-5 + 3 - 2) + -15 + 12 + 26?
19
2 + -8 + -4 + 109 + -78
21
What is -8 + (-6 - -10) + -2 + -1 - 4?
-11
Calculate (-4 - (18 + -12)) + -4.
-14
What is the value of 2 - (13 + (28 - 12) - -2)?
-29
Calculate 1 + 3 - (-49 + 40).
13
-82 + 99 + (2 - (1 - -1) - 6)
11
5 + -12 + 9 + -1
1
(-11 - (4 - 3)) + (4 - (0 - 0))
-8
Evaluate 14 - -9 - 22 - (4 - -1).
-4
What is 15 - -1 - 2 - (-59 + 35 - -33)?
5
Evaluate 7 + -11 - (-8 + (-3 - -3)).
4
Evaluate -226 + 238 + (-1 - 3 - 5).
3
Evaluate (-18 - -23) + (-5 - -6).
6
What is -2 + 36 + -242 + 239?
31
Calculate -4 - (-6 - (-17 - (-3 - 5))) - 4.
-11
Evaluate (-35 - -38) + -2 - (-1 - -1).
1
Calculate 15 - 22 - (6 - 1).
-12
What is -109 + 89 - (-2 - (1 + 1 - 5))?
-21
What is the value of -5 - (-2 - 14) - (38 - 7)?
-20
Calculate -38 - (-51 + 7 + 18).
-12
What is 5 - (10 - 5) - (8 + 0) - 11?
-19
Calculate 4 + -11 + 15 + 0 + -2 + -10.
-4
-14 - -10 - (-3 + 4) - (3 - 10)
2
Calculate -7 - (1 + 2) - -22.
12
Calculate (2 - (-5 + 13)) + 10 - (2 + -12).
14
Calculate 567 - 573 - (4 + (-20 - 1)).
11
What is the value of -25 + 53 - 44 - (-9 + 0)?
-7
Evaluate -6 + (-7 - (-11 + 6)) - 9.
-17
What is the value of 6 + (1 + 12 - (95 - 60))?
-16
What is 0 + (-1 - (-16 + 10))?
5
What is -3 + 1 - (13 - (-11 + 8 + 5))?
-13
Evaluate (5 - 15 - (-24 + 10)) + 18.
22
Calculate (-4 - (10 + -5 + 2)) + 3.
-8
Evaluate (4 - (-2 - -5 - 8)) + 1.
10
16 + -53 + 22 + -1
-16
Calculate -12 - (5 + -5 + 5 + 1 + -4).
-14
What is 5 - (5 - -4 - 17 - -2)?
11
-12 + 2 + 7 - (-6 - 1)
4
-14 + (35 - 28) + 26
19
Evaluate -7 - (4 + -2 + (16 - 25) - -5).
-5
8 + -16 - (-23 - -16)
-1
Calculate 2 + 0 - (0 + 6) - (14 + -18).
0
What is the value of (-129 - -156) + (5 - 6)?
26
What is the value of (71 - (-96 - -125)) + (-1 - -1 - 10)?
32
Evaluate 4 + 0 - (3 + 1) - 0.
0
Evaluate 0 + -6 - (-6 + (6 - (17 + -4))).
7
Calculate -15 - (-12 - (14 + 7)) - -2.
20
Evaluate (26 - -1) + 35 + -62.
0
Calculate 35 + -2 + -7 + -10.
16
Evaluate 11 - ((86 - 74) + 1 + -13).
11
What is -1 + 20 + -18 - (1 - 1)?
1
(2 + -1 + 19 - 5) + -4
11
What is (-3 - 5) + (2 - -1) + -33 + 28?
-10
Evaluate (21 - -3) + -20 - (6 - 1).
-1
What is -6 - (-18 + 22 - 22)?
12
What is the value of 7 + -3 + 14 - (35 - 22)?
5
What is the value of (-15 - -14) + 3 + 5?
7
Evaluate 14 - 37 - -17 - 8.
-14
Calculate -25 + 11 + (-5 - -36).
17
What is (-1 - 1) + -13 + (9 - -4 - 2)?
-4
Calculate (-29 - -33) + -7 + 1 + 13.
11
What is 78 - 57 - (6 - -27)?
-12
13 - (0 - -4) - (-10 + 4 + 32)
-17
(-16 - (15 - 64 - -16)) + 14
31
Calculate (11 + 3 - 9) + -26.
-21
-13 + -30 + (4 - -14)
-25
Evaluate (-29 - -32) + (-3 - -1 - 2).
-1
What is -4 + 9 - -7 - -2?
14
What is (26 - 6 - 1) + -43?
-24
Calculate 5 + 0 + 12 + -21 + 10.
6
Evaluate 25 - 14 - (43 + -57).
25
What is the value of -64 + 34 - -33 - 12?
-9
What is the value of 9 + -25 - (-1 + -8 - -7)?
-14
What is the value of (-5 - 9 - -6) + -8 + 5 + -2?
-13
What is -12 + (-14 - -8 - 4 - (0 - 2))?
-20
Calculate 9 + -15 - (-4 - (-1 + -8)).
-11
5 + 2 + 0 + 23 + -31
-1
What is the value of -2 + (2 + 0 - (28 - 25) - 5)?
-8
What is the value of (-3 - 4) + -3 + (21 - 24)?
-13
Calculate -1 + -32 + (967 - 955).
-21
Evaluate (-4 - 1) + (-3 - (-7 + 7)).
-8
77 - 79 - (-4 - -10)
-8
What is 1 + 8 - -8 - (-4 + 0 + 6)?
15
What is (-22 - -1 - -17) + (-3 - -3 - 25)?
-29
What is (-20 + -1 - -29) + 19 + -3?
24
-16 - (3 - (16 - 14) - (0 + -3))
-20
10 - (6 - ((8 - 3) + -1))
8
Calculate 31 - (-15 + 53) - 3.
-10
Evaluate (17 - 24) + (-4 - -2).
-9
-14 - (4 - 50) - (29 + -9)
12
Evaluate -7 + -1 + 19 + 15 + -43.
-17
What is -19 - (12 + -4 + -12)?
-15
0 + 1 + -24 - 1 - (97 - 101)
-20
Evaluate -13 + 41 + (-4 - 24).
0
Calculate -7 + -21 + 23 + (9 - (-1 + 0)).
5
What is the value of -1 + -16 - -19 - (1 + -13)?
14
Calculate (3 - 9) + (-30 - (-17 - 5)).
-14
What is the value of -6 + (-4 - 2 - -11)?
-1
What is the value of 17 + (-53 - -30) + (1 - (-3 + 2))?
-4
What is the value of (-16 - -14) + -4 + 0 - 7?
-13
What is the value of (22 - 31) + -2 + 12?
1
Evaluate -4 + (1 + -8 + 8 + -2 - -1).
-4
Evaluate 12 + (12 + 5 - 32).
-3
Evaluate 1 + -6 - (-6 - -3 - -9 - 30).
19
Evaluate (-42 - -36) + 0 + 17 + -4 + 3.
10
6 - (9 + 1 + -7 + (4 - 6))
5
What is -10 + -2 + 12 + -11?
-11
-7 - (-15 + 15) - 5
-12
(2 + -6 - -16) + -26 + -13 + -1
-28
What is -24 + 21 - (-1 + -10 + 27)?
-19
-4 + -12 + 0 + (-20 + 46 - 20)
-10
Evaluate (32 - 21) + -25 + 23.
9
What is -52 + 46 - (-2 + -2 - -4)?
-6
2 - (-9 - -9 - (-3 - 5))
-6
What is the value of -10 + 5 - -6 - (-2 - 1